in base 4?
-30
-20 (base 3) to base 11
-6
What is 9 (base 10) in base 3?
100
What is 9 (base 12) in base 2?
1001
Convert -1042 (base 7) to base 3.
-111211
1 (base 14) to base 8
1
Convert 7 (base 11) to base 3.
21
What is 76 (base 11) in base 14?
5d
2200 (base 3) to base 9
80
What is -351 (base 9) in base 13?
-193
What is -3c (base 14) in base 13?
-42
Convert 222 (base 10) to base 2.
11011110
Convert -36 (base 13) to base 12.
-39
a (base 16) to base 9
11
-3 (base 12) to base 9
-3
Convert -3d (base 15) to base 8.
-72
What is 20 (base 3) in base 11?
6
Convert 87 (base 15) to base 3.
11201
10 (base 3) to base 15
3
-1211 (base 4) to base 12
-85
Convert -179 (base 10) to base 15.
-be
-1 (base 4) to base 2
-1
-5 (base 9) to base 3
-12
What is -213 (base 5) in base 12?
-4a
Convert 0 (base 8) to base 15.
0
Convert -10 (base 6) to base 11.
-6
What is 10000 (base 3) in base 16?
51
What is 4 (base 15) in base 7?
4
What is -4 (base 13) in base 5?
-4
3 (base 11) to base 14
3
What is 101 (base 5) in base 7?
35
What is -b (base 13) in base 7?
-14
What is -102 (base 3) in base 6?
-15
What is 120 (base 4) in base 10?
24
-35 (base 6) to base 2
-10111
Convert -3 (base 13) to base 9.
-3
61 (base 8) to base 16
31
Convert 10 (base 2) to base 11.
2
What is 6 (base 11) in base 7?
6
What is -31 (base 7) in base 15?
-17
-3 (base 5) to base 7
-3
What is 2 (base 15) in base 10?
2
-1 (base 4) to base 13
-1
Convert 0 (base 12) to base 2.
0
-1220 (base 5) to base 10
-185
1 (base 6) to base 5
1
-100 (base 3) to base 4
-21
What is 50 (base 8) in base 5?
130
Convert 13 (base 9) to base 6.
20
Convert -3 (base 5) to base 8.
-3
Convert -34 (base 5) to base 14.
-15
-1a (base 15) to base 13
-1c
What is -1001001 (base 2) in base 3?
-2201
Convert -6 (base 9) to base 2.
-110
Convert -8 (base 10) to base 9.
-8
Convert -2 (base 13) to base 12.
-2
Convert -103 (base 7) to base 3.
-1221
What is -610 (base 7) in base 16?
-12d
Convert 2 (base 4) to base 11.
2
Convert -33 (base 15) to base 13.
-39
-5 (base 8) to base 10
-5
Convert 331 (base 5) to base 3.
10101
Convert -3 (base 8) to base 10.
-3
What is -4 (base 15) in base 6?
-4
0 (base 7) to base 14
0
-1 (base 6) to base 3
-1
Convert 2 (base 14) to base 11.
2
Convert -15 (base 6) to base 8.
-13
What is 11 (base 10) in base 5?
21
Convert 1 (base 9) to base 14.
1
-b (base 15) to base 2
-1011
What is 353 (base 8) in base 12?
177
4 (base 5) to base 3
11
Convert -342 (base 8) to base 14.
-122
What is -3b (base 16) in base 9?
-65
Convert 74 (base 16) to base 13.
8c
What is 20 (base 5) in base 11?
a
What is -2 (base 8) in base 3?
-2
Convert -6 (base 11) to base 14.
-6
What is 1 (base 8) in base 9?
1
-10 (base 5) to base 6
-5
-6 (base 8) to base 13
-6
What is -2 (base 10) in base 7?
-2
-30 (base 8) to base 10
-24
Convert -93 (base 10) to base 15.
-63
Convert 210 (base 3) to base 5.
41
Convert -1a4 (base 12) to base 15.
-12d
-15 (base 6) to base 7
-14
1a6 (base 13) to base 15
155
Convert 1 (base 7) to base 2.
1
Convert -10 (base 5) to base 8.
-5
-8 (base 11) to base 14
-8
What is 87 (base 9) in base 4?
1033
Convert 35 (base 10) to base 2.
100011
What is 12 (base 4) in base 3?
20
What is -23 (base 9) in base 4?
-111
Convert -24 (base 16) to base 15.
-26
-11 (base 16) to base 14
-13
-3 (base 9) to base 6
-3
Convert -6 (base 13) to base 8.
-6
What is -1201 (base 3) in base 11?
-42
Convert -16 (base 9) to base 14.
-11
What is 1 (base 2) in base 7?
1
What is be (base 16) in base 9?
231
What is 29 (base 10) in base 2?
11101
What is 110010 (base 2) in base 13?
3b
What is -101 (base 2) in base 6?
-5
What is -20 (base 4) in base 14?
-8
What is -34 (base 13) in base 8?
-53
Convert 0 (base 9) to base 5.
0
8 (base 9) to base 2
1000
-11 (base 14) to base 3
-120
Convert a (base 11) to base 8.
12
104 (base 6) to base 11
37
Convert 1 (base 3) to base 11.
1
Convert -77 (base 12) to base 10.
-91
Convert 1001 (base 3) to base 9.
31
3 (base 15) to base 13
3
What is 1 (base 2) in base 6?
1
Convert 2 (base 5) to base 9.
2
Convert -2 (base 15) to base 8.
-2
What is -2 (base 12) in base 2?
-10
Convert 2 (base 3) to base 4.
2
2 (base 3) to base 11
2
What is 55 (base 14) in base 15?
50
What is -3 (base 6) in base 16?
-3
Convert -14 (base 13) to base 9.
-18
Convert 11 (base 8) to base 13.
9
41 (base 12) to base 10
49
What is 22 (base 3) in base 15?
8
Convert -57 (base 16) to base 7.
-153
What is -9 (base 14) in base 6?
-13
-10 (base 12) to base 15
-c
Convert 5 (base 15) to base 10.
5
Convert -1 (base 4) to base 10.
-1
-1110 (base 2) to base 5
-24
1 (base 14) to base 5
1
-2 (base 15) to base 10
-2
Convert 6 (base 15) to base 3.
20
5 (base 13) to base 12
5
Convert -14 (base 6) to base 16.
-a
Convert -23 (base 10) to base 12.
-1b
-22 (base 6) to base 15
-e
What is 10 (base 10) in base 9?
11
Convert -15 (base 10) to base 7.
-21
What is -24 (base 7) in base 5?
-33
-4 (base 6) to base 4
-10
Convert 151 (base 9) to base 4.
1333
Convert -4 (base 6) to base 9.
-4
Convert -4 (base 16) to base 5.
-4
Convert -8 (base 9) to base 14.
-8
What is 3 (base 4) in base 14?
3
What is -3302 (base 4) in base 8?
-362
-10 (base 4) to base 10
-4
Convert a6 (base 12) to base 2.
1111110
Convert -14 (base 15) to base 3.
-201
What is -144 (base 8) in base 2?
-1100100
-24 (base 5) to base 9
-15
1 (base 15) to base 9
1
Convert 2 (base 8) to base 14.
2
What is 10 (base 3) in base 8?
3
What is 1 (base 2) in base 15?
1
8 (base 10) to base 7
11
What is 98 (base 14) in base 10?
134
What is 1 (base 16) in base 3?
1
Convert 11 (base 9) to base 3.
101
-2 (base 16) to base 6
-2
-c0 (base 16) to base 13
-11a
What is 24 (base 5) in base 7?
20
Convert -1110 (base 2) to base 7.
-20
What is -10 (base 13) in base 12?
-11
What is -1 (base 4) in base 15?
-1
14 (base 7) to base 16
b
Convert 34 (base 9) to base 8.
37
What is -253 (base 6) in base 9?
-126
Convert 121 (base 4) to base 5.
100
What is -8 (base 15) in base 7?
-11
2 (base 3) to base 13
2
-7 (base 15) to base 11
-7
What is 2 (base 16) in base 2?
10
What is 111 (base 3) in base 15?
d
What is -1 (base 6) in base 12?
-1
Convert 4c (base 15) to base 3.
2200
1 (base 8) to base 3
1
What is 10210 (base 3) in base 11?
93
Convert 2 (base 6) to base 4.
2
Convert 92 (base 15) to base 8.
211
Convert -11 (base 3) to base 9.
-4
Convert -19 (base 13) to base 2.
-10110
Convert 27 (base 14) to base 10.
35
What is 34 (base 9) in base 8?
37
Convert c (base 16) to base 13.
c
What is 120 (base 12) in base 16?
a8
What is -5 (base 16) in base 12?
-5
ee (base 16) to base 5
1423
What is -40 (base 9) in base 8?
-44
What is -126 (base 8) in base 11?
-79
What is 356 (base 7) in base 9?
228
What is 201 (base 12) in base 14?
169
-1020 (base 3) to base 12
-29
What is 4 (base 16) in base 14?
4
What is -11 (base 6) in base 8?
-7
What is -7 (base 15) in base 13?
-7
-12 (base 10) to base 6
-20
Convert -11 (base 6) to base 2.
-111
What is -3 (base 6) in base 7?
-3
-21 (base 16) to base 11
-30
What is -6a (base 15) in base 9?
-121
-6 (base 12) to base 9
-6
Convert -3 (base 9) to base 12.
-3
Convert 2 (base 3) to base 12.
2
-40 (base 7) to base 11
-26
1b4 (base 14) to base 3
111010
-9d (base 14) to base 11
-117
What is -256 (base 11) in base 6?
-1223
55 (base 7) to base 4
220
-23 (base 9) to base 13
-18
What is 11 (base 2) in base 12?
3
1110011 (base 2) to base 10
115
What is -7b (base 14) in base 13?
-85
What is -473 (base 9) in base 3?
-112110
What is -5 (base 13) in base 14?
-5
Convert -13 (base 8) to base 4.
-23
Convert 22 (base 3) to base 7.
11
-14 (base 10) to base 6
-22
-13 (base 8) to base 2
-1011
Convert 100100 (base 3) to base 6.
1100
Convert 2a (base 14) to base 5.
123
-215 (base 7) to base 8
-156
What is 100 (base 2) in base 10?
4
Convert 1 (base 2) to base 13.
1
3 (base 16) to base 8
3
What is -38 (base 11) in base 2?
-101001
What is -10 (base 5) in base 4?
-11
69 (base 14) to base 16
5d
Convert -2 (base 8) to base 15.
-2
Convert 21 (base 15) to base 5.
111
53 (base 8) to base 11
3a
-86 (base 16) to base 7
-251
Convert -10 (base 9) to base 12.
-9
What is 24 (base 5) in base 10?
14
-1000 (base 2) to base 9
-8
4 (base 8) to base 5
4
What is -8 (base 9) in base 10?
-8
What is 14 (base 16) in base 7?
26
What is -1342 (base 5) in base 11?
-192
-3 (base 6) to base 9
-3
-a (base 13) to base 8
